 = 5 - 2. Let g(f) = i + f - f**2 - f**3 - 2*f**2 + 0*f**2. Is g(-4) prime?
False
Suppose 4*l - 16303 = -3*b + 3*l, 0 = -4*b - 2*l + 21736. Is b prime?
False
Let u(w) = -w**3 - 6*w**2 - 5*w + 4. Let j be u(-5). Suppose 0 = -2*g + 3*s + 49 + 187, -8 = j*s. Is g prime?
False
Is 694*((-1)/(-2))/1 composite?
False
Let z be (-2)/5 + (-84)/15. Let w be (-3)/z*2*0. Suppose 0 = -4*p - w*u - u + 120, -108 = -4*p - 4*u. Is p a composite number?
False
Let a = 10 - 7. Suppose -12*d = -4*d - 80. Suppose -a*r + d = -2*r. Is r prime?
False
Let v(n) = 212*n**2 + 2*n + 1. Is v(-1) a prime number?
True
Let q(x) = -4*x + 1. Let w be q(-4). Let b = w - -13. Suppose b = 3*h + 9. Is h prime?
True
Let s(l) be the first derivative of l**6/180 + l**5/120 + l**4/24 - l**3/3 + 1. Let b(t) be the third derivative of s(t). Is b(-6) a composite number?
False
Suppose -2*j + 4*f + 48 = -4*j, 2*j - 2*f = -24. Let h(a) = a**3 - 7*a**2 + 6*a + 5. Let w be h(6). Let n = w - j. Is n a composite number?
True
Let h = 369 - 62. Is h a prime number?
True
Let w(p) = 12*p**2 - 8*p - 11. Is w(-7) a composite number?
True
Suppose -2*p + 5 = 23. Let w be (42/p)/(4/6). Let i = 22 + w. Is i a prime number?
False
Is (3 + -4)*218/(-2) a prime number?
True
Suppose -o + 202 = 2*t, -5*t = 2*o - 284 - 120. Suppose -130 = -4*i + o. Is i a composite number?
False
Is (-4)/(-10) - (-153)/5 a prime number?
True
Suppose 3*r - 5*v - 623 = 0, -3*r - 3*v = 98 - 737. Is r prime?
True
Let t be (-18)/(-5)*(-30)/(-9). Suppose -t = -2*v - 2*v. Suppose 0 = 2*o - g - 130 + 31, v*o - g - 150 = 0. Is o composite?
True
Let u be 2/7 - (-4104)/(-56). Let c = u - -158. Is c composite?
True
Let j be 32/6 - 2/(-3). Let b(a) = -2*a + 6. Let v be b(j). Is (-4)/v - 25/(-3) a composite number?
True
Let i = -28 - -85. Let v = 127 - i. Suppose -4*t = -2*t - v. Is t prime?
False
Let k(s) = -s**3 + 5*s**2 + 7*s - 8. Let o = 8 + -2. Let p be k(o). Is p + 54 - 3/(-1) a composite number?
True
Let i(j) = -j**3 + 6*j**2 + j - 4. Suppose -10 = -2*h, -25 + 5 = -5*y + 2*h. Is i(y) prime?
True
Suppose 0 = c - 3*c + 78. Let z be -1 - (4*-1 - -1). Suppose c = d + z*d. Is d prime?
True
Let r be (20/(-6))/((-4)/6). Suppose n - 23 = r*j, j + 3 = -3*n + 8. Suppose -3 - n = -3*y. Is y a prime number?
True
Let z(l) = -l**3 - 6*l**2 - l - 3. Let b be z(-6). Suppose -r - y + 2 = 0, 0 = -5*r - b*y + y + 19. Suppose r*f + 176 - 611 = 0. Is f prime?
False
Suppose 27 = 3*y - 15. Suppose 2*v = 88 + y. Is v prime?
False
Let v be (2 + (-1)/3)*3. Let x(t) = 22*t + 4. Let z be x(v). Suppose -j + z = j. Is j prime?
False
Let x be 4 + -3 + 0 + 3. Suppose -x*p - 14 = -2*p - o, 4*p = 5*o - 16. Is ((-30)/p)/((-4)/(-174)) a prime number?
False
Let u be 82*-1*3/6. Let w = 63 + u. Is w a prime number?
False
Let l(n) = -n**2 + 29. Let c be l(0). Suppose -f + c = 5*q, 4*q + 5*f = q + 35. Suppose -2*d = -q*d + 18. Is d prime?
False
Suppose -2*x = p + 2*p - 605, 0 = -4*x + p + 1203. Is x prime?
False
Let c = 88 + -62. Is c composite?
True
Let s = 79 - -36. Is s composite?
True
Let z = -31 + 7. Let y = z - -63. Is y a prime number?
False
Suppose 0 = -v + 5, -687 = -3*i + 3*v + 1425. Is i a prime number?
True
Let r = 641 - -1664. Is r a composite number?
True
Let w be -3 - 2 - 3 - -3. Is (-956)/w + (-5)/25 a prime number?
True
Let a(p) = -3*p - 6. Let u be a(-4). Let q(m) = 3*m + 4 + u - 4 - m. Is q(8) prime?
False
Suppose 3*x = 4*v + 31, 0 = -4*x - 14 + 2. Is 765/6 - (-5)/v a prime number?
True
Suppose i - 501 = 860. Is i a composite number?
False
Suppose 5*u = -3*b + 39, -16 = -3*u - 2*b + 8. Is (4/u)/((-4)/(-282)) a composite number?
False
Let i be -2 - 2/(-4)*0. Let t = i - -6. Suppose 2*f - 32 = -t*s, 3*f - 16 = -4*s + 38. Is f prime?
False
Suppose 248 = -i + 691. Is i prime?
True
Suppose -2*b = 3*b - 15. Let q = -16 - -19. Suppose -c + 19 = 4*y, 5*y - 95 + q = -b*c. Is c a prime number?
False
Let l(z) = z**3 - 8*z**2 + 10*z - 8. Let k be 0 + -1 + 1 - -7. Let u(f) = f. Let h be u(k). Is l(h) composite?
False
Let l(g) = 2*g**2 - 18*g - 15. Let d be (26/6)/((-7)/(-21)). Is l(d) composite?
False
Suppose 15 - 44 = -m. Is (-4 - -25)*m/3 a composite number?
True
Let t(f) = 6*f + 1. Suppose 0 = 4*b - b + 33. Let l = -7 - b. Is t(l) a prime number?
False
Suppose 16*c - 17*c + 571 = 0. Is c composite?
False
Suppose 0 = -3*n - 130 - 5. Let u = n + 80. Is u a composite number?
True
Suppose 0*k + 2*k = 220. Is (1 - 4)/((-6)/k) a composite number?
True
Let q(k) = 3*k**2 - k + 1. Suppose 4*p - 4 = 4. Let y = p + 1. Is q(y) a composite number?
True
Suppose 4*b + 3*w - 7619 = 0, -b + 2*b + 2*w - 1901 = 0. Is b a composite number?
False
Suppose -4*c + 4*r = c - 2643, 4*c + 2*r - 2104 = 0. Is c composite?
True
Let c = 78 + 79. Is c a prime number?
True
Suppose 10*p - 14*p = -15388. Is p a prime number?
True
Let i = 295 - 175. Let l be (i/42)/((-4)/(-14)). Let k = 1 + l. Is k a composite number?
False
Let v(z) = -9*z - 9. Let y(q) = 4*q + 4. Let f(g) = -3*v(g) - 7*y(g). Let l be f(-6). Let j(b) = 2*b**2 - 3*b - 4. Is j(l) prime?
True
Let g(h) = 2*h - 9. Let o be g(8). Let d be 540/(-21) + (-2)/o. Is -3 + 15*d/(-3) prime?
True
Suppose -c + 4*o + 1071 = 0, 5*c - 2969 - 2482 = -4*o. Is c a prime number?
True
Is (-10)/(-30) + (13420/6 - 0) prime?
True
Let u(v) = -2*v**3 - 2*v**2 + 2*v + 1. Is u(-5) composite?
False
Let v be (5 + 2 - -2) + -1. Let l be 0/3 + 2/1. Suppose 0*r + 2*r = -v, 0 = l*k + 4*r - 90. Is k prime?
True
Let f(t) = -t**3 - 5*t**2 - 5*t - 6. Let s be f(-4). Is (4/s)/(6/(-159)) a composite number?
False
Let w = 74 + -51. Suppose 5 = 4*n + g, -5*g = n - 30 + 5. Let s = w - n. Is s a prime number?
True
Let q be (1 - 0) + -1 + 2. Let j(l) = -14*l - 5. Let p be j(-2). Suppose -p = -q*k - c, -2*k = -3*c - 0*c - 19. Is k composite?
False
Suppose -212 - 90 = k. Let y = k - -508. Suppose -g + 75 = d, -5*d + y = 3*g - 173. Is d composite?
True
Suppose -4*o = -2*o - 2. Suppose -q + 4 - o = 2*r, 4*q + 10 = 3*r. Suppose -r = -2*z + 12. Is z prime?
True
Let t = -3 - 0. Let d(o) = 10*o**2 + 3*o - 4. Is d(t) a prime number?
False
Let z = -30 + 20. Is (1136/z)/(-4)*5 composite?
True
Suppose -3*t = -5*p + 3*p - 146, p - 5 = 0. Let f = 111 - t. Is f a composite number?
False
Let m(p) = -3*p**3 + 15*p**2 + 15*p - 2. Let r(a) = 2*a**3 - 14*a**2 - 14*a + 1. Let q(x) = 3*m(x) + 4*r(x). Let g be q(-10). Suppose 3*d - 166 = g. Is d prime?
False
Suppose 5*w - 7*w = -310. Let o = w + -88. Is o prime?
True
Let x = 6 + -6. Suppose x = 4*i - 3*i - 47. Is i composite?
False
Let y = -208 - -46. Let d = y - -365. Is d prime?
False
Suppose -10*c = -6*c - 88. Suppose q - c = 313. Is q a composite number?
True
Suppose 0 = 4*r + 5*z - 390, -r + 97 = -z + 2*z. Is r a prime number?
False
Suppose c = 5*r - c + 36, 3*r = 3*c - 27. Let f be (-3)/r + 2/(-4). Is 5 - 5 - (-2 + f) composite?
False
Let z(l) = -l**2 - l + 1. Let x(p) = 3*p**2 + 4*p - 3. Let y(u) = -x(u) - 4*z(u). Is y(-4) composite?
True
Let z(a) = 2*a**3 + 3*a**2 - 2*a + 1. Let c be z(-3). Is (65/c)/((-2)/40) prime?
False
Suppose 0 = -w + 6*w + 10. Let o(h) = 16*h. Let j be o(w). Let c = j - -66. Is c composite?
True
Suppose 144 = 4*z - 92. Is z composite?
False
Let w(h) = -h**2 + 18*h + 5. Is w(12) a composite number?
True
Let y be (20/(-6))/((-24)/36). Let i = 469 - 214. Suppose 0 = y*b - 0*b - i. Is b a prime number?
False
Suppose -7*f + 4*o = -4*f - 1741, -6 = -3*o. Is f prime?
False
Let h(s) = s**2 + s - 1. Let n be h(-2). Suppose 5*v = 4*v - n, -4*v - 12 = -4*a. Suppose a*x - 30 = 32. Is x a composite number?
False
Is (22449/(-28))/(6/(-8)) composite?
False
Let p be (-6)/(-33) + 93/33. Let i(j) = p*j - 1 + 1 - 31*j**3 - 2*j + j**2. Is i(-1) composite?
False
Let m(b) = -2*b**3 - 14*b**2 - 7*b + 8. Let w = -20 - -11. Is m(w) composite?
True
Let p(l) = -5*l**3 - 2*l**2 - 4*l - 2. Is p(-3) a prime number?
True
Let f = -6 - -59. Is f a prime number?
True
Is 35 - 3/(3/2) prime?
False
Let p = 742 - 1189. Let t = p + 660. Suppose -2*r + 0*r + t = 3*q, 2*q = 3*r + 142. Is q prime?
True
Is (1 - 0)*(114 + 1) a prime number?
False
Let b(z) = -z - 6. Let x be b(-9). Suppose -2*j + 4*s + 1 = 5*s, -5*j - 3 = -x*s. Suppose -o = -j*o - 33. Is o a prime number?
False
Let c = 321 + -172. Is c composite?
False
Let m(x) be the third derivative of 5*x**4/12 - 